 + 346*a**2 - 347*a**x. Calculate f(4).
-6
Let d(r) be the first derivative of r**5/20 - 5*r**4/12 + 5*r**3/6 - 3*r**2 + 115*r + 105. Let q(x) be the first derivative of d(x). Give q(4).
-2
Let h(t) = -6*t**2 - 7*t - 5. Let f = -555 + 553. Give h(f).
-15
Let a(u) = 32*u + 2. Let p(k) = 22*k + 1. Let z(t) = 5*a(t) - 8*p(t). Let m(r) = -8*r + 1. Let f(w) = 7*m(w) - 3*z(w). Let g = 29 + -31. Determine f(g).
17
Let j(p) = -55*p**2 - 78*p - 1032. Let n(w) = 17*w**2 + 27*w + 344. Let s(q) = -4*j(q) - 13*n(q). Calculate s(-25).
6
Let w(u) = -2*u**2 + 7*u. Let j(f) = -6*f**2 - 21*f + 2. Let a(p) = -4*p**2 - 11*p + 1. Let k(r) = -5*a(r) + 3*j(r). Let b(v) = 3*k(v) + 4*w(v). What is b(-2)?
-13
Let s(g) = 3*g**2 + g - 6. Let k(x) = 16*x**2 + 3*x - 17. Let f(n) = k(n) - 5*s(n). What is f(5)?
28
Let j(q) be the third derivative of -q**7/2520 + q**5/60 - 77*q**4/24 - 36*q**2. Let v(d) be the second derivative of j(d). What is v(-3)?
-7
Let k = 381 + -330. Suppose 7*c - k = -37. Let l(p) = 2*p + 3. Determine l(c).
7
Let g(p) be the third derivative of p**4/8 + p**3/3 + 584*p**2. Give g(4).
14
Let l(v) = -v**3 - 7*v**2 - 8. Let q be 8 + (-390)/50 - 1/5. Suppose q = 5*j + 4*n + 39, j + n + 6 = 2*n. Give l(j).
-8
Let v be ((-30)/30)/(3/(-9) + 0). Suppose 45 = 4*d + p + 21, v*d - 25 = p. Let a(u) = u + 2. Give a(d).
9
Let n be 4*((-232)/(-32) - 4). Let d(a) = 99*a**2 - 100*a**2 + 5 - 2 + n*a. Determine d(13).
3
Let w(j) be the second derivative of j**8/6720 - j**7/360 - 11*j**6/720 + j**5/40 + 37*j**4/3 - 39*j - 1. Let k(z) be the third derivative of w(z). Give k(8).
-21
Let k = -16 + 18. Let n(v) = 4 + 7*v - k*v - 4*v. Determine n(-4).
0
Let c = 448 - 454. Let p(y) = y**3 + 19*y**2 + 6*y - 3. Let t(k) = -2*k**2 + 1. Let g(f) = c*t(f) - p(f). Calculate g(-6).
-3
Suppose -l = 5*f - 32, -23*f + 21*f + 44 = 3*l. Let s(a) = -4*a + 17. Let c(w) = -4*w + 16. Let m(n) = -3*c(n) + 2*s(n). Give m(f).
2
Let n(r) = -r**3 + 221*r**2 - 12*r - 2. Let v(s) = -s**3 - 119*s**2 - 1. Let o(g) = n(g) + 2*v(g). What is o(-5)?
6
Let k(x) = x**3 + 6*x**2 + 4*x + 4. Suppose -5*m - 111 + 86 = 0. Calculate k(m).
9
Let s(w) = -7*w**3 - w**2 + w. Suppose -2*p = 4*u + 3*p + 313, u + 3*p + 73 = 0. Let l = 31 - -52. Let a = l + u. What is s(a)?
-7
Let g(b) = 3*b**2 - 6*b - 6. Let y(t) = 4*t**2 - 5*t - 6. Let k(j) = -5*g(j) + 4*y(j). Suppose -55*n + 38*n - 170 = 0. Give k(n).
6
Let c(q) = -q**2 + q - 9. Let d(b) be the first derivative of -b**4/4 - 32*b**3/3 - 33*b**2/2 - 62*b + 147. Let h be d(-31). Give c(h).
-9
Suppose 0 = 71*h - 76*h + 25, -4*t = -3*h + 35. Let b(y) = -44*y - 216. Calculate b(t).
4
Suppose -v = 6, 4*c - v - 6*v + 2*v + 6 = 0. Let h(r) = 3*r**3 + 3 - 2*r**3 + 12*r + 8 + 10*r**2. Give h(c).
-16
Let a(y) = -2*y**2 - 2*y + 2. Let h(m) = -9*m**2 - m + 13. Let t(p) = -10*a(p) + 2*h(p). Calculate t(-8).
-10
Let o(d) = -34*d**2 - 38*d**2 + 2*d + 47*d**2 - 37*d**2 - d**3 + 1 + 56*d**2. Give o(-8).
113
Let b(o) = -4*o - 1. Let l be 1 + (-204)/(-15) + 4/10. Let j(r) = -5*r + 83. Let v be j(l). What is b(v)?
-33
Suppose 7*b + 9 = 2*m, -5*b + 55 = -4*m + 28. Let z(u) be the second derivative of -u**4/12 - 5*u**3/6 - 7*u**2/2 + u. Calculate z(b).
-7
Let b be -1*-3*(0 - 1). Let w(g) = -34*g**2 - 38*g**2 + 69*g**2 + 11 - 7 - 5 - g**3. What is w(b)?
-1
Let n(t) = 6*t + 48. Let s = -148 + 141. Let j be n(s). Let m(x) = -x**3 + 7*x**2 - 7*x + 5. Determine m(j).
-1
Let h(p) = 13 - 3 + 5*p - 3. Suppose -4*n = -20, -4297*v + 4299*v - 4*n + 34 = 0. Give h(v).
-28
Let a be (-86)/1419 + 897/99. Let i(q) = -q**3 + 9*q**2 - 2*q + 3. Calculate i(a).
-15
Let q(j) be the second derivative of -j**5/120 + j**4/4 - 19*j**3/2 - 13*j. Let u(o) be the second derivative of q(o). Calculate u(7).
-1
Suppose -815*l = -708*l. Let m(z) be the second derivative of -11/2*z**2 + 3*z + l + 1/6*z**3. Determine m(7).
-4
Let c = -1265 + 1256. Let l(y) be the second derivative of -y**7/2520 - y**6/90 + y**5/12 + y**4/4 + 3*y. Let h(r) be the third derivative of l(r). Give h(c).
1
Let z(b) = b**3 - 2*b**2 - 5*b + 4. Let x be 0/(-6)*3/(-9). Suppose x = m - 3*r + 1, -2*r = -5*r + 6. Suppose 3*u = p - 9, 4 = m*p - 3*p + u. What is z(p)?
-2
Let w(h) = 4*h**2 + h + 8. Let z(y) = -7*y**2 - 16. Let s(j) = 5*w(j) + 3*z(j). Let k(n) = 6*n - 84. Let q be k(15). Determine s(q).
-14
Let f be (-20)/(-90) - (-101)/(-9). Let k = 14 + f. Let c(j) be the second derivative of j**5/20 - j**4/6 - j**3/6 + 2*j**2 - j. What is c(k)?
10
Let g(l) = 10*l**3 - 61*l**2 - 11*l + 6. Let d(a) = -2*a**3 + 11*a**2 + 2*a - 1. Let m(q) = -11*d(q) - 2*g(q). What is m(-2)?
-13
Let b(l) be the first derivative of 2*l**3 + l**2 + 3*l - 206. Suppose -6*h - 2 = -w - 5*h, 5*w + h = -14. What is b(w)?
23
Suppose 0 = 2*m + 9*j - 4*j + 25, 4*m - 5*j - 25 = 0. Let g(p) = -5*p + 2*p - 1 + 2*p. Determine g(m).
-1
Let j(h) = h + 4. Let f be ((-17)/(-51))/((-1)/(-639)). Suppose -f = 42*l - 3. Determine j(l).
-1
Let g(c) = -3*c + 12. Let q(f) = -4*f + 13. Let v(r) = -r**2 - 14*r - 4. Let k be v(-14). Let t be 5 + -10 - (k - -1). Let x(z) = t*q(z) + 3*g(z). What is x(8)?
2
Let o be (-6)/22 - 237384/41448. Let b(p) = 7*p**3 + 13*p**2 + 4*p - 6. Let l(i) = -13*i**3 - 25*i**2 - 8*i + 12. Let y(j) = 11*b(j) + 6*l(j). What is y(o)?
-6
Let n(t) = 15*t + 12. Let x(a) = 4*a + 3. Let p(u) = -n(u) + 4*x(u). What is p(10)?
10
Let g(x) = 55 - 18*x + 28*x - 74 - 15*x - 125. Determine g(-26).
-14
Let l(x) be the first derivative of x**2/2 - 7*x - 1436. What is l(-9)?
-16
Let f(d) = 13*d**3 + 3*d**2 + 18*d + 45. Let q(r) = -11*r**3 - 3*r**2 - 15*r - 39. Let s(b) = 6*f(b) + 7*q(b). Determine s(2).
-1
Let d(r) = r**3 - 9*r**2 - 12*r + 22. Suppose 0 = 5*j + 24 - 74. Give d(j).
2
Let d(p) be the third derivative of -p**5/30 + p**4/24 + p**3 + 10*p**2. Let b be d(5). Let a = -41 - b. Let n(i) = 5*i - 2. Calculate n(a).
-12
Suppose 4*r = -3*v + 2 - 0, 5*r - v = 12. Let h(f) = -3*f**2 + 3*f**3 - 2 + 11*f**2 - 4*f - 4*f**r - 2*f**3. Calculate h(-4).
14
Let n(p) = -p**3 + 7*p**2 - 3*p - 7. Let u(j) = 2*j**2 + 4*j + 1. Let f be u(-2). Let k be -21 + 21 + f*6. What is n(k)?
11
Let x(q) = 21*q + 28. Let u be x(-5). Let y = u - -78. Let j(d) = d - 2*d**3 - 10*d**2 + 9*d**2 + 4*d**3. Give j(y).
2
Let z = -35 - -39. Suppose 0 = -3*c - z - 71. Let w = c + 18. Let d(i) = i**3 + 8*i**2 + 8*i + 6. What is d(w)?
-1
Let q(l) = 269*l**2 - 115*l**2 - 144*l**2 + 8 - l. What is q(3)?
95
Let n(y) be the first derivative of 4*y**2 - 25*y - 15 - 1/12*y**4 + 5/6*y**3. Let m(g) be the first derivative of n(g). Calculate m(7).
-6
Let k(o) = -o**2 + 12*o - 9. Let g be (83 + -82)/((-3)/(-36)). Calculate k(g).
-9
Let o(x) = -167*x - 68. Let i(a) = 30*a - 1. Let p(f) = -6*i(f) - o(f). Calculate p(6).
-4
Let d(h) = -h**3 + h**2 + h - 1. Let t(n) be the second derivative of -3*n**5/20 + n**4/3 + n**3/2 - n**2 + 65*n. Let q(l) = 4*d(l) - t(l). Determine q(2).
-8
Let y(r) = -29*r**2 - 5*r + 42. Let f(u) = -26*u**2 - 4*u + 37. Let p(s) = -10*f(s) + 9*y(s). Suppose 0 = 3*k - 8 + 2. Let l = k + -8. What is p(l)?
2
Let j(a) be the second derivative of -2*a**3/3 - 39*a**2/2 + 320*a. Determine j(-10).
1
Let y(q) = q**2 - 5*q + 1. Let a(h) be the third derivative of -h**4/24 - h**3/6 + 17*h**2. Let b be a(-6). Suppose -b = -i - 1. Calculate y(i).
-3
Let n(a) = a**3 + 5*a**2 - 13*a + 9. Let s be n(-7). Let d(u) = 623*u**2 + 18 + 3*u - 19 - 622*u**s + u**3. What is d(-2)?
-11
Let x(r) = -1537*r + 7. Let q(k) = -9990*k + 41. Let s(b) = -4*q(b) + 26*x(b). Let z = 10 - 4. Calculate s(z).
6
Let r(x) = -3*x**2 - 2*x - 64. Let y be r(-13). Let k = -381 - y. Let t(p) = -4 + k*p - 163*p + 10. What is t(-7)?
-1
Suppose 3*d = 2*d + 4, -5*u + 4*d - 16 = 0. Let f(x) = -15 + u - x + 13. What is f(-11)?
9
Let k = 27 - 25. Suppose -y + 7 = 2*x - 7*x, 3*y - k*x + 5 = 0. Let v(h) be the second derivative of h**5/20 + h**4/4 + h**3/6 - 2*h**2 + 17*h. What is v(y)?
-7
Let u(i) = -i - 13. Let o(h) be the third derivative of -15*h**4/8 + 17*h**3/3 + 5*h**2 - 30. Let q be o(1). Give u(q).
-2
Let t(z) = -z**3 + 21*z**2 + 23*z - 22. Let p be t(22). Suppose p = 2*y + 5*h - 12 - 16, -4 = -2*h. Let r(v) = v - 2. What is r(y)?
7
Let j(p) = -2*p**3 + p**3 + 24 - 81*p + 0*p**3 + 50*p + 51*p + 19*p**2. Determine j(20).
24
Let a(z) = z**3 - 7*z**2 - 8*z - 6. Le